Raporty klimatyczne NOAA

Wybierz Rok lub Miesiąc raportu
V/Λ2018 > Jan Feb Mar Apr May Jun Jul Aug Sep Oct Nov Dec
V/Λ2017 > Jan Feb Mar Apr May Jun Jul Aug Sep Oct Nov Dec
V/Λ2016 > Jan Feb Mar Apr May Jun Jul Aug Sep Oct Nov Dec
V/Λ2015 > Jan Feb Mar Apr May Jun Jul Aug Sep Oct Nov Dec
V/Λ2014 > Jan Feb Mar Apr May Jun Jul Aug Sep Oct Nov Dec
V/Λ2013 > Jan Feb Mar Apr May Jun Jul Aug Sep Oct Nov Dec
V/Λ2012 > Jan Feb Mar Apr May Jun Jul Aug Sep Oct Nov Dec

Report for 2014 Jul
                   Monthly Climatological Summary for lip 2014

Name: NIESIOŁOWICE-na Kaszubach   City: NIESIOŁOWICE   State: Pomorskie (PL)
Elevation: 186 m  Lat: N 54° 12' 24"   Lon: E 017° 51' 01"

                  Temperature (°C), Rain (mm), Wind Speed (km/h)

                                      Heat  Cool        Avg
    Mean                              Deg   Deg         Wind                 Dom
Day Temp  High   Time   Low    Time   Days  Days  Rain  Speed High   Time    Dir
----------------------------------------------------------------------------------
 1  15,4  21,2   18:34  12,2   01:36   3,1   0,2   0,9   7,6  37,8   12:25   WNW
 2  14,7  21,1   19:00   9,8   04:24   3,8   0,2   3,0   6,5  45,4   11:55     W
 3  16,1  22,9   20:26   9,7   04:31   2,9   0,7   0,0   7,1  34,2   12:31     W
 4  21,0  31,7   18:31  13,0   05:08   1,2   3,9   0,0   3,3  23,4   23:59    SE
 5  22,6  29,2   15:07  15,5   03:28   0,5   4,8   0,0   6,1  40,3   13:24    SE
 6  22,0  28,0   13:27  17,6   04:30   0,0   3,8   2,7   2,9  31,7   13:53    NE
 7  23,5  29,9   17:53  16,8   03:59   0,2   5,4   1,2   4,2  28,1   13:43   ESE
 8  21,0  24,9   14:24  19,2   16:44   0,0   2,7  11,7   7,4  33,1   15:21     E
 9  24,3  29,6   18:50  19,6   05:20   0,0   6,0   0,0  12,5  46,4   16:13     E
10  22,8  27,3   18:22  18,2   04:25   0,0   4,5   0,0  12,2  42,8   10:09     E
11  18,6  21,1   18:13  16,1   21:12   0,4   0,8   0,0  13,4  39,2   10:39     E
12  15,2  16,2   00:00  14,2   12:54   3,1   0,0   8,1   7,2  25,6   09:23    NE
13  17,1  27,6   18:58  13,5   04:43   2,3   1,1   0,9   8,1  34,2   12:15   WSW
14  18,6  27,1   18:28  13,4   05:03   1,6   1,9   8,7   4,6  28,1   13:38    SW
15  20,6  27,1   18:36  15,8   04:55   0,5   2,9   0,0   5,2  29,5   11:59   WNW
16  21,0  26,1   15:05  15,5   04:57   0,5   3,2   0,0   3,1  22,0   16:49   NNW
17  20,3  26,4   17:09  15,4   04:53   0,8   2,8   0,0   3,9  25,6   18:13   NNE
18  20,8  28,1   18:34  14,8   03:11   0,9   3,4   0,0   4,0  24,5   18:18     E
19  21,7  29,9   18:41  14,9   04:16   0,8   4,2   0,0   5,7  28,1   18:08   ESE
20  22,6  27,8   15:39  18,5   01:04   0,0   4,3   0,0   9,9  39,2   19:46   ESE
21  21,0  25,3   19:08  16,6   03:18   0,3   2,9   0,0  10,2  33,1   11:57     E
22  22,2  27,3   17:32  17,4   04:50   0,1   4,1   0,0  10,5  36,7   16:52     E
23  21,2  25,5   12:25  16,7   02:13   0,3   3,2   0,0  11,7  42,8   11:29   ENE
24  21,9  26,4   16:03  17,4   05:12   0,1   3,8   0,0  12,3  42,8   11:50     E
25  23,4  29,2   13:53  17,8   05:11   0,0   5,3   0,0   9,1  42,8   14:11   ESE
26  22,6  28,5   17:54  18,2   06:22   0,0   4,3   1,5   5,9  39,2   13:54   ESE
27  24,5  31,5   16:17  18,6   04:44   0,0   6,2   0,3   4,4  31,7   17:13    SE
28  21,9  30,1   14:01  19,0   05:55   0,0   3,7  13,8   3,0  31,7   00:21   ESE
29  25,9  34,7   19:06  19,5   05:10   0,0   7,6   0,0   4,1  25,6   13:28    SE
30  25,1  31,2   18:04  19,6   05:22   0,0   6,6   0,0   5,2  24,5   14:01   SSE
31  21,2  25,5   19:22  15,6   23:54   0,1   3,0   0,0   6,8  27,0   17:58    NW
----------------------------------------------------------------------------------
    21,0  34,7    29     9,7     3    23,5 107,5  52,8   7,0  46,4     9       E

Max >=  20,0: 30
Max <=   0,0:  0
Min <=   0,0:  0
Min <= -10,0:  0
Max Rain: 13,8 on day 28
Days of Rain: 11 (>= 0,2 mm)  6 (>= 2,0 mm)  0 (>= 20,0 mm)
Heat Base: 18,3  Cool Base: 18,3  Method: Integration