Raporty klimatyczne NOAA

Wybierz Rok lub Miesiąc raportu
V/Λ2018 > Jan Feb Mar Apr May Jun Jul Aug Sep Oct Nov Dec
V/Λ2017 > Jan Feb Mar Apr May Jun Jul Aug Sep Oct Nov Dec
V/Λ2016 > Jan Feb Mar Apr May Jun Jul Aug Sep Oct Nov Dec
V/Λ2015 > Jan Feb Mar Apr May Jun Jul Aug Sep Oct Nov Dec
V/Λ2014 > Jan Feb Mar Apr May Jun Jul Aug Sep Oct Nov Dec
V/Λ2013 > Jan Feb Mar Apr May Jun Jul Aug Sep Oct Nov Dec
V/Λ2012 > Jan Feb Mar Apr May Jun Jul Aug Sep Oct Nov Dec

Report for 2014 May
                   Monthly Climatological Summary for maj 2014

Name: NIESIOŁOWICE-na Kaszubach   City: NIESIOŁOWICE   State: Pomorskie (PL)
Elevation: 186 m  Lat: N 54° 12' 24"   Lon: E 017° 51' 01"

                  Temperature (°C), Rain (mm), Wind Speed (km/h)

                                      Heat  Cool        Avg
    Mean                              Deg   Deg         Wind                 Dom
Day Temp  High   Time   Low    Time   Days  Days  Rain  Speed High   Time    Dir
----------------------------------------------------------------------------------
 1   7,8  14,6   10:25   2,4   23:56  10,7   0,0   0,0   9,4  39,2   14:15     N
 2   5,6   9,4   14:28   1,3   02:12  12,7   0,0   0,0  10,7  40,3   11:05     E
 3   6,9  12,4   18:28   0,7   05:08  11,4   0,0   0,0   5,8  29,5   10:35   NNE
 4   6,3  11,3   17:21   0,5   01:47  12,0   0,0   0,0   8,1  42,8   10:07    NW
 5   6,7  12,6   17:01  -0,8   04:57  11,8   0,0   0,0   3,7  24,5   18:13   NNW
 6   9,2  15,9   14:25   0,0   04:12   9,1   0,0   0,0   6,6  33,1   13:16   SSE
 7  13,6  19,1   11:12   9,2   03:46   4,8   0,0   0,0   8,0  45,4   15:15    SW
 8  11,4  16,8   19:16   6,7   05:13   6,9   0,0   4,8   5,3  47,9   17:32    SW
 9  11,8  16,4   17:34   9,4   00:00   6,6   0,0  14,7   4,7  34,2   23:00    SW
10  10,6  13,2   14:52   7,9   05:48   7,7   0,0   0,6   7,6  35,6   10:07   WSW
11  10,8  14,3   14:16   6,6   23:56   7,5   0,0   6,6   8,6  56,2   12:20    SW
12   9,9  15,4   14:47   5,0   04:24   8,4   0,0   3,9   4,9  43,9   16:35   WSW
13  10,2  14,4   19:07   6,0   23:48   8,1   0,0   3,9   8,8  42,8   18:39     W
14   9,3  14,4   18:40   4,8   03:21   9,0   0,0   0,6   6,4  35,6   10:15     W
15   9,6  14,9   17:17   3,8   03:31   8,7   0,0   0,0  10,0  43,9   16:02    NE
16  11,0  16,1   15:13   5,0   05:11   7,3   0,0   0,0  13,4  42,8   10:39    NE
17  13,3  17,9   18:21   7,6   05:12   5,0   0,0   0,0  13,2  46,4   15:09    NE
18  16,5  24,5   18:31  12,6   06:09   2,6   0,8  10,8   5,6  36,7   16:00   ESE
19  15,7  22,2   20:05  10,2   03:43   3,0   0,4   0,0   3,9  30,6   14:08   SSE
20  18,4  26,6   15:04  10,8   04:19   2,4   2,5   0,3   2,2  20,9   14:33    SE
21  20,9  30,8   18:27  11,7   04:55   1,8   4,4   0,3   2,5  29,5   11:36   SSW
22  23,1  32,1   18:45  15,2   05:08   0,7   5,6   0,0   8,4  40,3   16:11    SE
23  23,9  32,1   19:00  17,1   04:37   0,1   5,8   0,0  10,2  43,9   14:09    SE
24  20,4  27,8   12:47  16,0   23:34   0,4   2,6   9,6   5,5  34,2   20:59     S
25  17,9  24,2   20:14  13,5   23:55   1,5   1,1   0,0   5,3  24,5   13:09   NNW
26  17,6  24,0   18:46  11,1   04:37   2,4   1,7   0,0   6,2  29,5   16:54    NE
27  12,4  14,7   06:02   9,6   19:37   5,9   0,0   0,3  17,1  47,9   13:22   ENE
28   9,3  10,5   03:21   7,6   22:13   9,0   0,0   0,0  18,9  50,0   10:03   ENE
29   8,4  10,7   17:51   6,5   08:01   9,9   0,0   0,6  11,0  35,6   05:18   NNE
30  12,3  19,1   19:03   5,4   03:47   6,0   0,0   0,0   7,3  35,6   19:12   WNW
31  14,1  18,5   11:53   9,9   23:38   4,2   0,0   0,0   7,6  29,5   14:58    NW
----------------------------------------------------------------------------------
    12,7  32,1    22    -0,8     5   197,6  24,9  57,0   8,0  56,2    11      NE

Max >=  20,0:  9
Max <=   0,0:  0
Min <=   0,0:  2
Min <= -10,0:  0
Max Rain: 14,7 on day 9
Days of Rain: 13 (>= 0,2 mm)  7 (>= 2,0 mm)  0 (>= 20,0 mm)
Heat Base: 18,3  Cool Base: 18,3  Method: Integration