Raporty klimatyczne NOAA

Wybierz Rok lub Miesiąc raportu
V/Λ2018 > Jan Feb Mar Apr May Jun Jul Aug Sep Oct Nov Dec
V/Λ2017 > Jan Feb Mar Apr May Jun Jul Aug Sep Oct Nov Dec
V/Λ2016 > Jan Feb Mar Apr May Jun Jul Aug Sep Oct Nov Dec
V/Λ2015 > Jan Feb Mar Apr May Jun Jul Aug Sep Oct Nov Dec
V/Λ2014 > Jan Feb Mar Apr May Jun Jul Aug Sep Oct Nov Dec
V/Λ2013 > Jan Feb Mar Apr May Jun Jul Aug Sep Oct Nov Dec
V/Λ2012 > Jan Feb Mar Apr May Jun Jul Aug Sep Oct Nov Dec

Report for 2014 Mar
                   Monthly Climatological Summary for mar 2014

Name: NIESIOŁOWICE-na Kaszubach   City: NIESIOŁOWICE   State: Pomorskie (PL)
Elevation: 186 m  Lat: N 54° 12' 24"   Lon: E 017° 51' 01"

                  Temperature (°C), Rain (mm), Wind Speed (km/h)

                                      Heat  Cool        Avg
    Mean                              Deg   Deg         Wind                 Dom
Day Temp  High   Time   Low    Time   Days  Days  Rain  Speed High   Time    Dir
----------------------------------------------------------------------------------
 1   3,6   5,8   13:52   1,8   03:08  14,7   0,0   0,0   5,1  23,4   00:11   SSE
 2   4,4   9,5   14:30   2,0   03:34  13,9   0,0   0,0   7,8  31,7   13:54   SSE
 3   4,3   8,3   14:35   1,2   04:54  14,0   0,0   0,0  11,2  42,8   13:47    SE
 4   4,0   8,6   14:18   1,2   06:38  14,3   0,0   0,0  10,9  34,2   09:29    SE
 5   3,4   5,5   14:33   1,9   00:00  14,9   0,0   0,0   3,5  19,4   00:34    SE
 6   2,6   4,3   14:45  -2,2   23:55  15,7   0,0   0,0   1,9  13,3   13:05    NW
 7   1,2   7,3   14:08  -3,4   06:01  17,0   0,0   0,3   4,4  28,1   14:09   SSW
 8   4,0   9,6   16:47  -2,0   23:50  14,3   0,0   0,0   6,6  36,7   09:36     W
 9   4,8  12,6   13:53  -3,1   03:26  13,5   0,0   0,0   6,1  33,1   13:10   SSW
10   7,1  15,3   14:27   0,3   23:56  11,2   0,0   0,0   5,8  35,6   13:57   SSW
11   5,3  11,0   14:36  -1,0   01:33  13,0   0,0   0,0   7,0  30,6   11:48    NE
12   4,3  12,0   16:39  -2,7   06:33  14,1   0,0   0,0   2,8  24,5   13:54   WNW
13   7,4  13,3   14:27   1,8   05:16  10,9   0,0   0,0   7,0  40,3   14:43   WNW
14   5,7  10,1   15:47   3,1   06:51  12,6   0,0   0,0   9,1  33,1   23:34   WNW
15   4,9   7,8   02:31   3,7   23:02  13,2   0,0  15,6  22,9  78,5   09:26   WNW
16   3,8   5,8   16:22   1,3   02:50  14,5   0,0   6,9  12,0  39,2   07:58    NW
17   6,7   8,4   11:43   4,3   00:00  11,5   0,0  10,8  23,9  82,1   16:52    NW
18   6,2   7,3   11:48   4,9   00:00  12,1   0,0   8,7  12,1  39,2   01:33     W
19   6,3   8,3   23:30   5,4   05:01  12,0   0,0   3,9  14,6  58,7   20:23     W
20  10,1  16,5   16:41   7,0   02:23   8,2   0,0   0,0  14,1  57,6   00:27     W
21  12,4  19,3   17:01   7,3   00:53   5,9   0,0   2,1  11,9  62,3   19:36   WSW
22   8,0  12,8   16:20   4,4   06:22  10,3   0,0   3,9   5,7  31,7   00:50   SSW
23   7,3   9,8   14:21   5,0   23:47  11,0   0,0   0,3   4,6  24,5   07:54   WNW
24   4,9   6,7   12:02   2,9   23:54  13,4   0,0   0,3   8,8  33,1   18:24   NNE
25   1,7   3,0   04:49   0,9   09:21  16,6   0,0   7,5  10,2  33,1   18:57   WNW
26   4,4   9,4   15:10   0,9   23:08  13,9   0,0   0,3   4,4  24,5   17:40     E
27   5,3   9,5   14:43   1,5   00:00  13,0   0,0   0,0   3,8  18,4   20:41    NE
28   8,6  15,6   16:38   3,4   06:12   9,7   0,0   0,0   7,5  31,7   18:06     E
29   8,1  17,3   17:06   0,7   05:25  10,1   0,0   0,0   3,2  17,3   10:26    SE
30   8,1  17,2   17:43   0,3   06:15   9,8   0,0   0,0   2,0  18,4   14:03     N
31   6,8  13,8   14:50   1,8   06:42  11,5   0,0   0,0   5,0  31,7   14:14   NNW
----------------------------------------------------------------------------------
     5,7  19,3    21    -3,4     7   390,8   0,0  60,6   8,2  82,1    17       W

Max >=  20,0:  0
Max <=   0,0:  0
Min <=   0,0:  6
Min <= -10,0:  0
Max Rain: 15,6 on day 15
Days of Rain: 12 (>= 0,2 mm)  8 (>= 2,0 mm)  0 (>= 20,0 mm)
Heat Base: 18,3  Cool Base: 18,3  Method: Integration