Raporty klimatyczne NOAA

Wybierz Rok lub Miesiąc raportu
V/Λ2018 > Jan Feb Mar Apr May Jun Jul Aug Sep Oct Nov Dec
V/Λ2017 > Jan Feb Mar Apr May Jun Jul Aug Sep Oct Nov Dec
V/Λ2016 > Jan Feb Mar Apr May Jun Jul Aug Sep Oct Nov Dec
V/Λ2015 > Jan Feb Mar Apr May Jun Jul Aug Sep Oct Nov Dec
V/Λ2014 > Jan Feb Mar Apr May Jun Jul Aug Sep Oct Nov Dec
V/Λ2013 > Jan Feb Mar Apr May Jun Jul Aug Sep Oct Nov Dec
V/Λ2012 > Jan Feb Mar Apr May Jun Jul Aug Sep Oct Nov Dec

Report for 2014 Jan
                   Monthly Climatological Summary for sty 2014

Name: NIESIOŁOWICE-na Kaszubach   City: NIESIOŁOWICE   State: Pomorskie (PL)
Elevation: 186 m  Lat: N 54° 12' 24"   Lon: E 017° 51' 01"

                  Temperature (°C), Rain (mm), Wind Speed (km/h)

                                      Heat  Cool        Avg
    Mean                              Deg   Deg         Wind                 Dom
Day Temp  High   Time   Low    Time   Days  Days  Rain  Speed High   Time    Dir
----------------------------------------------------------------------------------
 1   0,8   1,8   19:17  -0,6   00:00  17,5   0,0   0,0   6,7  27,0   19:31     S
 2   0,7   1,3   00:00   0,3   18:30  17,6   0,0   0,0   6,8  27,0   15:18   SSE
 3   2,1   3,6   13:27   0,5   01:30  16,1   0,0   0,0   4,5  23,4   17:14     S
 4   3,4   6,3   13:27   0,9   21:59  14,9   0,0   0,6   7,9  43,9   04:14   SSW
 5   4,4   6,2   14:32   1,3   00:00  14,1   0,0   2,7   8,7  35,6   21:21   SSW
 6   3,7   5,2   00:07   1,9   05:55  14,6   0,0   0,6   8,9  28,1   00:41   SSW
 7   6,8   9,5   13:39   4,6   02:07  11,5   0,0   0,9  10,9  37,8   06:36    SW
 8   6,0   7,3   12:02   4,3   00:44  12,3   0,0   3,6  10,7  46,4   20:25   WSW
 9   6,0   8,7   22:33   3,3   08:39  12,3   0,0   2,1  10,8  45,4   22:31    SW
10   5,1   8,1   00:15   4,4   09:59  13,2   0,0  22,2  23,7  77,0   05:39   WNW
11   4,0   4,5   00:00   2,3   23:58  14,3   0,0   5,4  13,6  52,6   23:37   WSW
12   1,8   4,1   12:46  -2,1   23:51  16,8   0,0   9,3  17,8  56,2   18:31    NW
13  -2,7  -1,7   11:57  -3,5   03:59  21,0   0,0   0,0   7,7  46,4   00:18    NW
14  -0,9   0,6   13:11  -2,3   00:00  19,2   0,0   0,0   3,9  15,8   00:11    SE
15  -0,4   0,2   12:34  -1,4   01:42  19,0   0,0   0,0   7,6  23,4   07:32   ENE
16  -3,2  -0,8   00:00  -4,0   18:20  21,5   0,0   0,0   9,7  31,7   20:43    SE
17  -3,8  -2,9   12:29  -4,2   20:56  22,0   0,0   0,0  10,2  33,1   04:58    SE
18  -4,0  -3,0   11:24  -4,7   18:06  22,3   0,0   0,0   7,5  25,6   21:48   ESE
19  -5,1  -4,2   06:42  -6,9   22:42  23,4   0,0   0,0  16,1  46,4   19:03   ESE
20  -6,4  -5,6   17:18  -7,3   06:51  24,7   0,0   0,0  17,8  49,0   04:18   ESE
21  -7,8  -5,2   13:56 -10,4   22:18  26,1   0,0   0,0   9,4  30,6   00:33   ESE
22  -6,4  -4,4   12:29  -9,6   00:28  24,7   0,0   0,0   9,4  27,0   09:35   ENE
23 -11,1  -7,5   00:00 -14,6   23:47  29,4   0,0   0,0   4,1  28,1   11:40   ESE
24 -14,1 -10,4   14:20 -17,0   07:23  32,4   0,0   0,0   6,9  28,1   13:05   ESE
25 -15,2 -11,8   13:14 -17,4   07:55  33,5   0,0   0,0   6,9  29,5   11:28   ESE
26 -10,8  -8,1   13:00 -16,0   00:00  29,1   0,0   0,0  10,0  37,8   23:23    SE
27  -8,3  -6,9   13:25  -9,3   00:00  26,6   0,0   0,0  14,1  42,8   13:30   SSE
28  -6,8  -4,0   13:15  -8,0   23:56  25,1   0,0   0,0  14,0  42,8   15:59    SE
29 -10,2  -7,9   00:06 -12,3   08:13  28,5   0,0   0,0  17,4  45,4   11:16    SE
30 -10,4  -9,1   11:13 -11,6   19:14  28,7   0,0   0,0  15,2  40,3   07:04    SE
31  -8,7  -5,0   21:26 -11,6   01:59  27,0   0,0   0,0  13,9  40,3   02:43    SE
----------------------------------------------------------------------------------
    -3,0   9,5     7   -17,4    25   659,4   0,0  47,4  10,7  77,0    10     SSE

Max >=  20,0:  0
Max <=   0,0: 17
Min <=   0,0: 21
Min <= -10,0:  8
Max Rain: 22,2 on day 10
Days of Rain: 9 (>= 0,2 mm)  6 (>= 2,0 mm)  1 (>= 20,0 mm)
Heat Base: 18,3  Cool Base: 18,3  Method: Integration