Raporty klimatyczne NOAA

Wybierz Rok lub Miesiąc raportu
V/Λ2018 > Jan Feb Mar Apr May Jun Jul Aug Sep Oct Nov Dec
V/Λ2017 > Jan Feb Mar Apr May Jun Jul Aug Sep Oct Nov Dec
V/Λ2016 > Jan Feb Mar Apr May Jun Jul Aug Sep Oct Nov Dec
V/Λ2015 > Jan Feb Mar Apr May Jun Jul Aug Sep Oct Nov Dec
V/Λ2014 > Jan Feb Mar Apr May Jun Jul Aug Sep Oct Nov Dec
V/Λ2013 > Jan Feb Mar Apr May Jun Jul Aug Sep Oct Nov Dec
V/Λ2012 > Jan Feb Mar Apr May Jun Jul Aug Sep Oct Nov Dec

Report for 2013 Dec
                   Monthly Climatological Summary for gru 2013

Name: NIESIOŁOWICE-na Kaszubach   City: NIESIOŁOWICE   State: Pomorskie (PL)
Elevation: 186 m  Lat: N 54° 12' 24"   Lon: E 017° 51' 01"

                  Temperature (°C), Rain (mm), Wind Speed (km/h)

                                      Heat  Cool        Avg
    Mean                              Deg   Deg         Wind                 Dom
Day Temp  High   Time   Low    Time   Days  Days  Rain  Speed High   Time    Dir
----------------------------------------------------------------------------------
 1   4,7   6,5   15:32   2,4   00:00  13,6   0,0   5,1  17,7  64,8   10:44   WNW
 2   1,7   4,6   00:00  -2,6   21:05  16,6   0,0   0,0   5,8  35,6   00:13   NNW
 3   0,2   2,4   13:52  -2,0   00:00  18,1   0,0   0,0   8,1  27,0   11:52    SW
 4   2,2   4,4   20:31   0,6   00:00  16,1   0,0   1,8  11,6  43,9   16:56     W
 5   2,6   3,7   11:18   0,6   19:08  15,7   0,0   2,7  19,8  63,7   23:52   WSW
 6  -0,4   1,6   11:03  -1,3   16:23  18,7   0,0   1,8  28,4  89,3   11:13   WNW
 7  -1,3  -0,4   17:55  -2,9   23:14  19,7   0,0   0,0  14,8  50,0   13:03    NW
 8  -1,5   4,6   23:57  -4,3   05:39  20,3   0,0   7,5   9,4  54,0   19:06   WSW
 9   1,3   5,4   02:57  -3,4   21:11  17,0   0,0   1,2   7,1  42,8   00:50   NNW
10   0,0   1,9   23:14  -2,6   00:00  18,3   0,0   0,3   4,8  30,6   13:25   SSW
11   3,6   4,5   04:36   1,9   00:00  14,8   0,0   0,3   8,6  33,1   04:31     W
12   1,5   3,6   00:00  -1,0   20:56  16,8   0,0   0,0   8,3  33,1   03:50   WSW
13   1,3   2,0   13:22  -0,3   03:47  17,0   0,0   3,9   3,4  24,5   05:27     W
14   2,2   2,8   19:33   0,0   23:31  16,1   0,0   1,5   3,4  25,6   23:16    SW
15   3,1   5,9   23:47   0,1   00:00  15,2   0,0   1,2   9,1  31,7   07:14   WSW
16   5,2   6,3   13:42   4,3   07:55  12,9   0,0   0,3  10,6  34,2   08:06    SW
17   4,0   7,0   14:02   0,9   08:07  14,3   0,0   0,0   5,9  25,6   11:11    SW
18   3,0   4,9   13:40   0,3   23:42  15,3   0,0   0,0   3,0  19,4   21:26   SSE
19   0,5   2,1   13:33  -0,6   01:39  17,8   0,0   0,0   6,0  23,4   14:14     S
20   3,3   5,2   11:39   1,8   00:00  15,0   0,0   1,2   6,3  43,9   22:16    SW
21   3,5   4,7   14:07   2,4   22:15  18,2   0,0   0,0  14,0  36,7   11:58    SW
22   4,7   7,1   22:07   2,2   03:34  13,9   0,0   0,0  14,3  45,4   08:50    SW
23   4,0   6,5   00:00   0,2   21:03  14,3   0,0   1,5  11,2  47,9   08:14   WSW
24   4,7   7,1   14:02   0,9   00:00  13,6   0,0   0,0  10,1  39,2   12:40   SSW
25   4,9   6,1   14:05   3,5   07:53  13,4   0,0   0,6   6,7  28,1   12:53     S
26   4,4   6,4   21:28   2,3   05:28  13,9   0,0   0,0   4,0  19,4   08:52    SE
27   4,6   6,5   01:11   3,0   07:12  13,8   0,0   0,3   8,6  41,8   18:45   SSW
28   5,1   7,0   14:44   2,5   06:18  13,2   0,0   0,3   7,6  35,6   01:17   SSW
29   4,7   5,5   13:21   3,8   23:58  13,6   0,0   3,3   7,3  35,6   15:42   WSW
30   3,1   4,9   11:35  -0,5   23:55  15,2   0,0   0,6   8,8  31,7   03:40    SW
31  -0,5   1,8   13:35  -2,0   08:09  18,8   0,0   0,3   5,0  22,0   21:26   SSE
----------------------------------------------------------------------------------
     2,6   7,1    22    -4,3     8   491,2   0,0  35,7   9,4  89,3     6     WSW

Max >=  20,0:  0
Max <=   0,0:  1
Min <=   0,0: 13
Min <= -10,0:  0
Max Rain: 7,5 on day 8
Days of Rain: 20 (>= 0,2 mm)  5 (>= 2,0 mm)  0 (>= 20,0 mm)
Heat Base: 18,3  Cool Base: 18,3  Method: Integration