Raporty klimatyczne NOAA

Wybierz Rok lub Miesiąc raportu
V/Λ2018 > Jan Feb Mar Apr May Jun Jul Aug Sep Oct Nov Dec
V/Λ2017 > Jan Feb Mar Apr May Jun Jul Aug Sep Oct Nov Dec
V/Λ2016 > Jan Feb Mar Apr May Jun Jul Aug Sep Oct Nov Dec
V/Λ2015 > Jan Feb Mar Apr May Jun Jul Aug Sep Oct Nov Dec
V/Λ2014 > Jan Feb Mar Apr May Jun Jul Aug Sep Oct Nov Dec
V/Λ2013 > Jan Feb Mar Apr May Jun Jul Aug Sep Oct Nov Dec
V/Λ2012 > Jan Feb Mar Apr May Jun Jul Aug Sep Oct Nov Dec

Report for 2013 Nov
                   Monthly Climatological Summary for lis 2013

Name: NIESIOŁOWICE-na Kaszubach   City: NIESIOŁOWICE   State: Pomorskie (PL)
Elevation: 186 m  Lat: N 54° 12' 24"   Lon: E 017° 51' 01"

                  Temperature (°C), Rain (mm), Wind Speed (km/h)

                                      Heat  Cool        Avg
    Mean                              Deg   Deg         Wind                 Dom
Day Temp  High   Time   Low    Time   Days  Days  Rain  Speed High   Time    Dir
----------------------------------------------------------------------------------
 1   5,3   8,3   12:37   2,6   07:19  13,0   0,0   0,0   6,4  29,5   14:37    SW
 2   7,3   9,9   20:18   4,9   05:12  11,0   0,0   3,3   5,8  27,0   22:38   SSW
 3   8,7  10,6   12:01   5,9   23:56   9,6   0,0   0,0   7,2  34,2   20:30    SW
 4   6,8   9,5   20:53   4,0   03:34  11,5   0,0   0,0  13,5  43,9   20:30   SSW
 5   7,1   9,2   01:20   4,8   23:58  11,2   0,0   0,9  10,7  49,0   03:00    SW
 6   5,5   7,3   11:37   3,9   01:06  12,8   0,0   1,5   4,7  37,8   23:40    SW
 7   6,2   7,4   17:32   4,3   05:47  12,1   0,0   0,6   6,9  28,1   01:42   WSW
 8   6,4   9,7   13:13   4,0   23:30  11,9   0,0   0,0   2,5  18,4   01:18    SW
 9   6,6  10,1   12:14   3,7   01:22  11,7   0,0   1,2  10,6  41,8   13:31    SW
10   4,2   8,0   13:22   0,7   07:15  14,1   0,0   0,0   5,5  28,1   12:46   SSW
11   6,0   7,5   13:02   4,4   00:00  12,3   0,0   0,0   8,1  27,0   04:41     W
12   4,2   6,3   12:15   1,5   06:34  14,1   0,0   0,0   8,2  34,2   12:18   SSW
13   5,6   8,2   11:54   3,8   03:43  12,6   0,0   2,7   9,3  43,9   13:36     W
14   4,7   6,5   12:55   2,9   23:09  13,7   0,0   0,6   6,4  24,5   00:08    SW
15   2,1   2,9   00:00   1,5   16:59  16,2   0,0   0,3   6,0  29,5   23:48   WSW
16   4,9   8,2   09:18   1,7   00:00  13,4   0,0   1,8  16,1  50,0   04:52   WNW
17   6,2   8,6   13:17   1,7   22:40  12,1   0,0   0,9   7,6  36,7   00:58   WNW
18   4,2   5,6   23:26   1,5   01:51  14,1   0,0   0,0   7,3  33,1   12:42   SSE
19   5,8   6,4   12:57   5,3   05:45  12,5   0,0   0,0   6,0  34,2   06:14   SSW
20   5,3   5,8   00:00   4,5   16:47  13,0   0,0   3,9   5,3  25,6   23:54    SE
21   4,4   5,6   00:00   3,8   20:48  13,9   0,0   0,3   5,2  27,0   06:20    SW
22   5,2   6,8   14:33   3,0   03:42  13,1   0,0   0,0   4,6  23,4   11:55   ENE
23   7,0   8,0   11:03   6,3   21:19  11,3   0,0   0,0   3,7  15,8   04:20     N
24   3,5   6,3   00:00   0,1   20:38  14,8   0,0   3,0   8,3  43,9   16:49    NW
25   0,8   2,7   13:17  -0,4   00:50  17,5   0,0   0,6   6,9  28,1   21:51     N
26   0,6   1,9   11:46  -0,9   23:28  17,7   0,0   1,8   4,9  28,1   04:41   NNW
27   1,1   4,9   23:56  -1,5   06:47  17,2   0,0   1,5  12,7  45,4   20:14   WSW
28   6,1   7,1   03:50   3,7   23:37  12,2   0,0   0,6  18,1  60,1   10:20    NW
29   2,8   4,3   12:02   1,0   23:02  15,5   0,0   0,9   7,8  29,5   03:30     W
30   2,5   4,3   18:29   1,0   00:00  15,8   0,0   1,5   3,1  33,1   18:29     W
----------------------------------------------------------------------------------
     4,9  10,6     3    -1,5    27   401,9   0,0  27,9   7,6  60,1    28     WSW

Max >=  20,0:  0
Max <=   0,0:  0
Min <=   0,0:  3
Min <= -10,0:  0
Max Rain: 3,9 on day 20
Days of Rain: 19 (>= 0,2 mm)  4 (>= 2,0 mm)  0 (>= 20,0 mm)
Heat Base: 18,3  Cool Base: 18,3  Method: Integration