Raporty klimatyczne NOAA

Wybierz Rok lub Miesiąc raportu
V/Λ2018 > Jan Feb Mar Apr May Jun Jul Aug Sep Oct Nov Dec
V/Λ2017 > Jan Feb Mar Apr May Jun Jul Aug Sep Oct Nov Dec
V/Λ2016 > Jan Feb Mar Apr May Jun Jul Aug Sep Oct Nov Dec
V/Λ2015 > Jan Feb Mar Apr May Jun Jul Aug Sep Oct Nov Dec
V/Λ2014 > Jan Feb Mar Apr May Jun Jul Aug Sep Oct Nov Dec
V/Λ2013 > Jan Feb Mar Apr May Jun Jul Aug Sep Oct Nov Dec
V/Λ2012 > Jan Feb Mar Apr May Jun Jul Aug Sep Oct Nov Dec

Report for 2013 Aug
                   Monthly Climatological Summary for sie 2013

Name: NIESIOŁOWICE-na Kaszubach   City: NIESIOŁOWICE   State: Pomorskie (PL)
Elevation: 186 m  Lat: N 54° 12' 24"   Lon: E 017° 51' 01"

                  Temperature (°C), Rain (mm), Wind Speed (km/h)

                                      Heat  Cool        Avg
    Mean                              Deg   Deg         Wind                 Dom
Day Temp  High   Time   Low    Time   Days  Days  Rain  Speed High   Time    Dir
----------------------------------------------------------------------------------
 1  18,9  25,3   18:56  13,1   04:07   1,4   2,0   0,0   7,7  34,2   16:27   WNW
 2  21,6  28,5   18:51  17,2   23:53   0,1   3,4   0,0   3,7  22,0   16:37   NNE
 3  23,0  33,8   18:40  14,6   05:04   0,8   5,5   0,0   4,6  23,4   08:41    SE
 4  21,2  25,3   18:07  17,8   05:14   0,0   3,0  13,8   5,3  39,2   01:10    NW
 5  21,7  30,1   18:05  16,9   04:59   0,2   3,7   0,0   4,7  27,0   19:52     E
 6  24,6  32,5   17:52  17,6   00:52   0,0   6,3   0,0   6,1  34,2   14:32     S
 7  22,9  30,2   18:40  19,1   04:57   0,0   4,6   0,0   5,7  31,7   07:59   NNE
 8  23,8  31,6   15:00  17,7   03:30   5,5   0,0   0,0   6,5  35,6   17:20   SSW
 9  19,7  23,3   15:50  17,4   06:10   1,4   0,0   0,0   8,7  31,7   11:00   WNW
10  17,1  22,8   19:37  14,0   05:48   1,9   0,7   0,3   2,4  14,8   04:40    NW
11  16,5  20,7   13:50  13,6   05:50   0,0   1,8   0,0  10,0  51,5   11:20     W
12  16,1  21,1   19:08  11,2   05:12   2,6   0,4   0,0   8,3  39,2   12:18   WSW
13  15,0  19,9   11:34  11,9   23:26   3,3   0,0   2,1   6,8  46,4   14:44   WSW
14  12,9  16,1   10:14  10,5   04:42   5,4   0,0  33,3  12,9  51,5   10:15     W
15  15,0  22,9   18:51  10,8   04:53   3,6   0,3   0,3   7,6  35,6   13:23     W
16  17,4  25,4   17:41   9,4   05:18   3,0   2,1   0,0   3,0  30,6   12:30   SSW
17  19,8  27,7   17:29  11,7   05:18   1,8   3,2   0,0   4,6  39,2   13:56   SSW
18  21,6  28,7   15:14  15,0   05:28   0,6   3,9   0,0   6,3  37,8   15:26    SW
19  20,0  25,1   15:49  15,6   05:33   0,4   2,2  12,0   3,0  24,5   19:41     S
20  17,0  18,6   15:26  14,9   23:38   1,3   0,0   5,4   6,6  30,6   12:20    NW
21  16,3  20,9   15:26  11,6   23:43   2,3   0,2   0,0   4,7  22,0   09:46    NW
22  14,6  19,6   13:28   9,9   04:40   3,8   0,1   0,0   4,5  23,4   08:47   NNW
23  15,8  19,8   17:30  12,5   23:58   2,7   0,2   0,0   8,2  33,1   09:47    NE
24  15,6  21,1   18:11  10,1   05:14   3,4   0,7   0,0   5,9  29,5   15:14     E
25  15,4  20,8   17:54  10,6   05:30   3,3   0,5   0,0   9,0  34,2   17:07     E
26  15,7  21,3   19:06  10,0   05:27   3,1   0,5   0,0   7,8  31,7   12:37     E
27  17,7  22,4   18:37  13,7   00:00   1,8   1,2   0,0   7,0  29,5   15:25     E
28  17,1  22,4   12:53  12,5   23:55   1,9   0,7   0,3   3,0  33,1   13:26   ENE
29  15,7  22,3   16:44   9,7   04:47   3,4   0,8   0,3   3,2  25,6   18:27    NW
30  16,0  22,1   15:52  10,6   03:54   3,1   0,8   0,0   2,7  27,0   14:45   WNW
31  17,6  21,2   17:21  14,1   05:23   1,5   0,8   0,0   7,5  35,6   17:06     W
----------------------------------------------------------------------------------
    18,2  33,8     3     9,4    16    63,6  49,6  67,8   6,1  51,5    11       W

Max >=  20,0: 26
Max <=   0,0:  0
Min <=   0,0:  0
Min <= -10,0:  0
Max Rain: 33,3 on day 14
Days of Rain: 9 (>= 0,2 mm)  5 (>= 2,0 mm)  1 (>= 20,0 mm)
Heat Base: 18,3  Cool Base: 18,3  Method: Integration