Raporty klimatyczne NOAA

Wybierz Rok lub Miesiąc raportu
V/Λ2018 > Jan Feb Mar Apr May Jun Jul Aug Sep Oct Nov Dec
V/Λ2017 > Jan Feb Mar Apr May Jun Jul Aug Sep Oct Nov Dec
V/Λ2016 > Jan Feb Mar Apr May Jun Jul Aug Sep Oct Nov Dec
V/Λ2015 > Jan Feb Mar Apr May Jun Jul Aug Sep Oct Nov Dec
V/Λ2014 > Jan Feb Mar Apr May Jun Jul Aug Sep Oct Nov Dec
V/Λ2013 > Jan Feb Mar Apr May Jun Jul Aug Sep Oct Nov Dec
V/Λ2012 > Jan Feb Mar Apr May Jun Jul Aug Sep Oct Nov Dec

Report for 2013 Jul
                   Monthly Climatological Summary for lip 2013

Name: NIESIOŁOWICE-na Kaszubach   City: NIESIOŁOWICE   State: Pomorskie (PL)
Elevation: 186 m  Lat: N 54° 12' 24"   Lon: E 017° 51' 01"

                  Temperature (°C), Rain (mm), Wind Speed (km/h)

                                      Heat  Cool        Avg
    Mean                              Deg   Deg         Wind                 Dom
Day Temp  High   Time   Low    Time   Days  Days  Rain  Speed High   Time    Dir
----------------------------------------------------------------------------------
 1  15,1  21,9   18:44  10,6   02:43   3,5   0,3   0,3  10,0  39,2   12:56   WSW
 2  17,2  23,5   16:15  13,2   23:58   2,1   1,0   4,2   4,5  36,7   09:26   SSW
 3  19,4  27,7   17:20  10,7   04:51   1,9   3,0   2,7   6,1  31,7   16:03    SE
 4  22,1  29,5   17:02  16,0   04:42   0,4   4,2   0,0   5,8  29,5   18:06   SSW
 5  19,6  26,2   06:46  15,4   23:51   0,4   1,7   0,0   7,8  27,0   19:30    NW
 6  17,8  22,6   18:38  13,3   23:58   1,5   1,0   0,0   7,2  27,0   12:10    NW
 7  18,3  25,2   18:56  12,3   03:21   2,1   2,1   0,0   5,6  23,4   17:42     N
 8  18,7  24,9   16:15  10,9   04:35   1,9   2,4   0,0   6,3  24,5   14:17    NW
 9  19,7  26,8   18:26  15,4   03:54   0,9   2,2   0,0   3,4  20,9   19:17   NNE
10  16,6  20,3   10:12  13,1   02:36   2,0   0,3   1,2  10,1  46,4   15:33   WNW
11  16,8  21,4   14:43  13,4   01:04   2,0   0,6   2,7   8,0  29,5   19:30   NNW
12  15,5  17,7   13:21  13,0   02:07   2,8   0,0   8,4  11,2  36,7   15:09     N
13  16,9  21,4   18:01  13,9   03:09   2,0   0,6   0,3  11,6  36,7   16:14   NNW
14  16,6  20,3   14:55  12,4   01:54   2,1   0,4   0,0  12,2  43,9   17:17   WNW
15  16,9  21,3   17:55  12,5   04:18   2,2   0,7   0,0  11,8  37,8   14:01    NW
16  16,5  18,4   19:34  14,5   01:50   1,8   0,0   0,0  11,8  39,2   14:45   WNW
17  18,9  24,3   18:56  14,8   00:45   1,2   1,9   0,3   9,3  40,3   10:09   WNW
18  19,0  23,7   18:20  14,1   03:23   1,2   1,9   0,9  10,7  54,0   13:51   WNW
19  17,1  18,6   12:25  14,5   23:51   1,2   0,0   3,3  11,8  66,2   08:42   WNW
20  16,6  21,5   20:22  11,6   05:09   2,4   0,6   0,3   7,7  40,3   16:16   NNW
21  16,1  19,5   21:56  11,4   03:50   2,2   0,0   0,0   2,3   9,7   06:45   WNW
22  19,1  24,5   15:01  13,4   23:51   1,3   2,0   0,0   6,9  36,7   15:30     N
23  15,6  20,6   18:53  10,5   04:05   2,8   0,1   0,0   9,4  37,8   10:37   NNW
24  18,9  26,0   19:00  14,0   00:40   1,3   1,9   0,0   7,9  29,5   15:20   NNW
25  18,6  23,9   17:45  14,1   05:02   1,2   1,5   0,0   3,5  19,4   15:51   NNE
26  21,5  28,2   18:59  14,5   05:11   0,8   4,0   0,0   3,3  30,6   16:39   NNW
27  22,7  31,4   17:58  15,3   05:20   0,6   5,0   0,0   3,0  25,6   13:40   ESE
28  26,4  35,9   18:58  19,1   02:07   0,0   8,1   0,0   5,2  28,1   13:02   SSE
29  22,6  28,0   15:32  19,9   08:56   0,0   4,3   4,8   3,7  25,6   09:21   ENE
30  18,8  23,7   19:53  15,6   12:34   0,5   1,1  21,3   9,9  51,5   10:28    NW
31  17,9  23,9   12:10  13,0   05:05   1,6   1,3   0,9   7,8  42,8   16:28   WSW
----------------------------------------------------------------------------------
    18,5  35,9    28    10,5    23    47,9  54,2  51,6   7,6  66,2    19      NW

Max >=  20,0: 27
Max <=   0,0:  0
Min <=   0,0:  0
Min <= -10,0:  0
Max Rain: 21,3 on day 30
Days of Rain: 14 (>= 0,2 mm)  7 (>= 2,0 mm)  1 (>= 20,0 mm)
Heat Base: 18,3  Cool Base: 18,3  Method: Integration