Raporty klimatyczne NOAA

Wybierz Rok lub Miesiąc raportu
V/Λ2018 > Jan Feb Mar Apr May Jun Jul Aug Sep Oct Nov Dec
V/Λ2017 > Jan Feb Mar Apr May Jun Jul Aug Sep Oct Nov Dec
V/Λ2016 > Jan Feb Mar Apr May Jun Jul Aug Sep Oct Nov Dec
V/Λ2015 > Jan Feb Mar Apr May Jun Jul Aug Sep Oct Nov Dec
V/Λ2014 > Jan Feb Mar Apr May Jun Jul Aug Sep Oct Nov Dec
V/Λ2013 > Jan Feb Mar Apr May Jun Jul Aug Sep Oct Nov Dec
V/Λ2012 > Jan Feb Mar Apr May Jun Jul Aug Sep Oct Nov Dec

Report for 2013 Jun
                   Monthly Climatological Summary for cze 2013

Name: NIESIOŁOWICE-na Kaszubach   City: NIESIOŁOWICE   State: Pomorskie (PL)
Elevation: 186 m  Lat: N 54° 12' 24"   Lon: E 017° 51' 01"

                  Temperature (°C), Rain (mm), Wind Speed (km/h)

                                      Heat  Cool        Avg
    Mean                              Deg   Deg         Wind                 Dom
Day Temp  High   Time   Low    Time   Days  Days  Rain  Speed High   Time    Dir
----------------------------------------------------------------------------------
 1  18,5  23,9   18:31  15,0   04:12   1,1   1,3   0,3   9,3  31,7   12:40   ENE
 2  20,0  25,8   16:21  15,2   23:59   0,8   2,5   0,0   6,9  27,0   17:25    NE
 3  14,7  17,2   15:43  12,7   01:44   3,6   0,0   4,8  12,4  35,6   15:54   NNW
 4  11,6  13,9   18:58   7,8   23:50   6,7   0,0   0,0  15,5  47,9   12:46   NNE
 5  11,7  15,1   15:42   7,7   00:22   6,6   0,0   0,0  14,0  42,8   10:09   NNE
 6  15,0  21,9   18:19   8,4   04:23   4,2   0,9   0,0   7,6  25,6   18:20     N
 7  17,5  23,8   18:48  10,5   03:11   2,6   1,7   6,6   7,0  29,5   17:08   NNE
 8  17,9  23,9   17:24  10,9   04:44   2,2   1,8   0,0   3,9  24,5   18:44     N
 9  16,9  23,0   17:47  11,3   04:28   2,4   1,1   0,0   4,8  24,5   18:20   NNW
10  15,0  19,7   18:55  10,8   23:53   3,4   0,1   0,0   8,7  39,2   16:25   NNW
11  15,9  23,1   20:47   7,6   04:24   3,2   0,8   0,0   4,0  34,2   12:18   NNW
12  17,7  26,0   18:17   9,4   04:12   2,7   2,1   0,0   3,9  20,9   15:01   SSE
13  19,9  25,6   13:09  12,2   04:03   1,6   3,2   0,0   7,9  49,0   12:15   SSW
14  17,3  20,7   20:26  13,0   23:53   1,2   0,3   1,2  10,4  49,0   15:28     W
15  18,3  26,4   19:32  10,8   04:05   2,2   2,1   0,9   5,3  33,1   18:05     S
16  16,7  20,5   18:25  11,9   04:53   2,2   0,5   0,9   9,6  51,5   14:18     W
17  16,7  24,0   18:54  11,2   02:48   2,6   1,0   0,0   7,6  35,6   08:37   WNW
18  19,5  25,9   18:44  13,4   00:44   1,5   2,8   0,0   4,0  25,6   18:09     N
19  22,7  34,5   18:46  13,2   04:08   1,2   5,6   0,0   3,8  24,5   14:35   SSE
20  26,2  35,9   18:33  18,6   04:29   0,0   7,9   0,0   6,6  34,2   13:00   SSE
21  26,0  31,7   14:55  21,1   04:45   0,0   7,8   0,0   7,6  36,7   13:57   WSW
22  21,9  27,3   16:10  16,0   04:41   0,2   3,8   0,0   6,7  31,7   10:12   WSW
23  20,5  27,8   14:10  14,9   04:19   0,7   2,9   4,8   5,9  39,2   12:27   SSW
24  19,3  24,0   13:28  16,1   05:19   0,6   1,6   0,0   6,4  33,1   19:55     N
25  15,0  16,9   09:43  13,6   16:40   3,3   0,0   6,0  13,6  49,0   12:41     N
26  13,8  15,4   13:01  11,6   23:34   4,5   0,0   8,4  10,4  43,9   18:15    NW
27  14,1  22,5   19:17   9,4   04:46   4,4   0,2   0,0   7,6  30,6   11:58    SW
28  15,7  23,9   19:22   8,4   03:12   3,6   0,9   0,0   3,5  18,4   12:17    SE
29  15,7  23,4   18:56   9,2   03:57   3,2   0,6   1,8   4,9  34,2   15:22    SW
30  12,8  15,6   17:36  10,9   21:58   5,5   0,0   1,2   9,2  47,9   10:36     W
----------------------------------------------------------------------------------
    17,5  35,9    20     7,6    11    78,0  53,5  36,9   7,6  51,5    16      NW

Max >=  20,0: 23
Max <=   0,0:  0
Min <=   0,0:  0
Min <= -10,0:  0
Max Rain: 8,4 on day 26
Days of Rain: 11 (>= 0,2 mm)  5 (>= 2,0 mm)  0 (>= 20,0 mm)
Heat Base: 18,3  Cool Base: 18,3  Method: Integration