Raporty klimatyczne NOAA

Wybierz Rok lub Miesiąc raportu
V/Λ2018 > Jan Feb Mar Apr May Jun Jul Aug Sep Oct Nov Dec
V/Λ2017 > Jan Feb Mar Apr May Jun Jul Aug Sep Oct Nov Dec
V/Λ2016 > Jan Feb Mar Apr May Jun Jul Aug Sep Oct Nov Dec
V/Λ2015 > Jan Feb Mar Apr May Jun Jul Aug Sep Oct Nov Dec
V/Λ2014 > Jan Feb Mar Apr May Jun Jul Aug Sep Oct Nov Dec
V/Λ2013 > Jan Feb Mar Apr May Jun Jul Aug Sep Oct Nov Dec
V/Λ2012 > Jan Feb Mar Apr May Jun Jul Aug Sep Oct Nov Dec

Report for 2013 May
                   Monthly Climatological Summary for maj 2013

Name: NIESIOŁOWICE-na Kaszubach   City: NIESIOŁOWICE   State: Pomorskie (PL)
Elevation: 186 m  Lat: N 54° 12' 24"   Lon: E 017° 51' 01"

                  Temperature (°C), Rain (mm), Wind Speed (km/h)

                                      Heat  Cool        Avg
    Mean                              Deg   Deg         Wind                 Dom
Day Temp  High   Time   Low    Time   Days  Days  Rain  Speed High   Time    Dir
----------------------------------------------------------------------------------
 1   9,2  18,8   18:53   2,8   05:25   9,1   0,0   0,0   3,5  23,4   19:10   ENE
 2   9,0  14,5   13:54   2,9   02:45   9,3   0,0   0,0   5,3  31,7   16:59    NE
 3   9,9  16,3   15:20   4,9   02:50   8,4   0,0   0,0   8,2  28,1   10:49   ENE
 4  11,8  21,1   16:45   3,1   04:19   6,8   0,2   0,0   3,6  27,0   14:08   NNW
 5  11,7  20,6   19:04   4,0   04:26   6,7   0,1   0,0   6,8  33,1   14:18    NW
 6  12,6  23,1   17:37   3,1   05:26   6,1   0,5   0,0   5,4  34,2   17:48     E
 7  18,2  25,2   15:30  12,1   00:00   2,1   1,9   0,3   9,4  37,8   15:39   ESE
 8  21,3  30,4   19:21  14,9   05:20   0,8   3,8   0,0   8,2  36,7   13:04   SSE
 9  18,1  25,9   13:26  14,1   23:37   1,4   1,2   9,6   4,9  40,3   14:50   SSW
10  15,7  18,9   13:13  13,7   05:11   2,7   0,1   3,6   2,2  18,4   15:52   SSW
11  13,4  18,1   16:56  10,1   05:44   4,9   0,0   0,3   6,8  24,5   10:17     N
12  12,6  18,0   14:18   9,6   04:16   5,7   0,0  10,5   2,6  22,0   15:02   SSW
13  13,2  25,4   19:03   9,0   23:51   5,5   0,4   0,0   4,8  30,6   10:37   WNW
14  12,6  18,2   14:01   6,3   04:38   5,8   0,0   0,0   8,1  40,3   13:01    SW
15  16,5  25,5   18:50   9,3   05:36   3,3   1,4   0,0   9,4  37,8   11:58    SE
16  19,4  28,2   18:32  11,7   05:09   1,8   2,9   0,0   9,4  37,8   10:31    SE
17  22,3  31,1   18:55  13,8   09:35   0,5   4,5   0,0  10,9  49,0   12:25    SE
18  21,8  28,4   17:15  16,8   04:52   0,2   3,7   5,1   9,6  42,8   11:47    SE
19  19,2  28,8   18:59  12,2   05:13   1,6   2,6   0,0   8,2  34,2   11:47     S
20  19,0  25,5   11:58  14,1   23:51   1,1   1,8  16,2   6,2  35,6   16:10   SSE
21  15,6  20,3   16:57  11,5   23:59   2,9   0,2   3,9   8,8  37,8   11:16   WSW
22  14,8  20,6   13:50   8,0   04:52   3,9   0,4   0,0   5,9  39,2   14:27     S
23  10,1  15,0   18:35   6,8   23:58   8,3   0,0   1,2   9,9  31,7   07:52    NW
24   9,3  14,5   13:28   4,4   03:28   9,0   0,0   5,7   7,7  29,5   19:31   NNW
25  11,5  15,3   11:09   8,9   02:31   6,8   0,0   6,6  11,3  39,2   12:57   NNE
26  12,0  20,6   19:14   9,2   06:06   6,4   0,1   1,2   6,8  31,7   10:03     S
27  14,4  18,7   18:21  10,4   00:00   3,9   0,0   1,2   8,4  34,2   23:57   ENE
28  13,5  15,6   13:45  11,2   23:23   4,8   0,0   0,0  13,8  45,4   18:20   ESE
29  15,5  21,6   17:14  11,1   00:40   3,2   0,5   0,0  11,0  37,8   11:51    SE
30  17,9  23,2   16:05  12,0   03:59   1,8   1,4   0,0  11,2  41,8   18:28     E
31  19,1  24,5   14:06  15,3   03:40   0,9   1,7   0,3   8,9  40,3   16:52     E
----------------------------------------------------------------------------------
    14,9  31,1    17     2,8     1   135,7  29,4  65,7   7,7  49,0    17     ESE

Max >=  20,0: 19
Max <=   0,0:  0
Min <=   0,0:  0
Min <= -10,0:  0
Max Rain: 16,2 on day 20
Days of Rain: 14 (>= 0,2 mm)  8 (>= 2,0 mm)  0 (>= 20,0 mm)
Heat Base: 18,3  Cool Base: 18,3  Method: Integration