Raporty klimatyczne NOAA

Wybierz Rok lub Miesiąc raportu
V/Λ2018 > Jan Feb Mar Apr May Jun Jul Aug Sep Oct Nov Dec
V/Λ2017 > Jan Feb Mar Apr May Jun Jul Aug Sep Oct Nov Dec
V/Λ2016 > Jan Feb Mar Apr May Jun Jul Aug Sep Oct Nov Dec
V/Λ2015 > Jan Feb Mar Apr May Jun Jul Aug Sep Oct Nov Dec
V/Λ2014 > Jan Feb Mar Apr May Jun Jul Aug Sep Oct Nov Dec
V/Λ2013 > Jan Feb Mar Apr May Jun Jul Aug Sep Oct Nov Dec
V/Λ2012 > Jan Feb Mar Apr May Jun Jul Aug Sep Oct Nov Dec

Report for 2013 Apr
                   Monthly Climatological Summary for kwi 2013

Name: NIESIOŁOWICE-na Kaszubach   City: NIESIOŁOWICE    State: Pomorskie (PL)
Elevation: 186 m  Lat: N 54° 12' 24"   Lon: E 017° 51' 01"

                  Temperature (°C), Rain (mm), Wind Speed (km/h)

                                      Heat  Cool        Avg
    Mean                              Deg   Deg         Wind                 Dom
Day Temp  High   Time   Low    Time   Days  Days  Rain  Speed High   Time    Dir
----------------------------------------------------------------------------------
 1  -0,4   1,4   13:46  -1,9   22:17  18,7   0,0   0,3  12,2  39,2   14:32     N
 2   0,1   4,1   15:23  -3,9   22:59  18,4   0,0   0,0   6,5  30,6   11:14    NE
 3  -0,3   4,3   12:35  -6,0   02:45  18,6   0,0   0,0   9,6  41,8   13:12     E
 4   0,3   1,6   15:45  -0,6   00:07  18,0   0,0   0,0   9,9  31,7   11:33     E
 5   0,5   1,5   10:01   0,0   22:10  17,8   0,0   0,0  11,0  31,7   15:57    NE
 6   1,6   5,8   14:38  -3,6   23:35  16,7   0,0   0,0   8,3  29,5   12:11   NNE
 7   0,2   5,2   17:05  -6,8   06:06  18,2   0,0   0,0   8,6  43,9   12:53   WNW
 8   1,6   5,8   19:16  -4,4   23:53  16,7   0,0   1,2   6,0  29,5   10:29    NW
 9  -0,5   5,7   16:50  -7,3   06:25  18,9   0,0   0,0   8,3  37,8   17:43   ESE
10   2,4   7,7   13:01  -2,9   05:44  16,0   0,0   0,0   6,6  27,0   14:36   ESE
11   4,8   9,1   15:56   1,0   03:52  13,5   0,0   0,6   6,1  28,1   15:23    SE
12   7,9  11,6   11:15   5,4   06:00  10,4   0,0   4,5   7,3  43,9   16:51   SSW
13   7,6  13,8   14:46   3,8   03:32  10,8   0,0   1,2   9,3  35,6   15:28     W
14   6,8  14,0   18:23   3,0   05:33  11,5   0,0   0,0   6,8  28,1   03:41    NW
15   8,8  16,9   17:52   0,5   06:03   9,5   0,0   0,0   8,8  36,7   10:05     S
16  11,6  16,5   16:09   6,1   06:07   6,7   0,0   2,7   7,2  31,7   12:47     S
17  12,4  18,6   19:14   8,2   22:42   5,9   0,0   0,6   4,6  33,1   14:30     W
18  14,9  25,0   16:22   7,2   05:17   5,0   1,5   0,0  10,1  62,3   12:00    SW
19  10,1  15,6   13:08  -0,4   06:22   8,4   0,0   0,6  10,0  56,2   10:27     W
20   7,0  12,3   19:15   1,2   23:55  11,3   0,0   0,0   9,6  34,2   12:56   NNW
21   6,8  16,2   19:08  -0,5   04:16  11,5   0,0   0,0   8,8  34,2   16:20   ESE
22  11,2  19,9   16:53   2,4   05:13   7,2   0,1   0,9   7,7  37,8   13:13     S
23  11,6  17,6   13:47   7,7   00:54   6,7   0,0   0,0  13,8  67,3   12:26     W
24  10,8  17,0   18:48   6,3   05:40   7,5   0,0   0,0  13,4  37,8   00:38     W
25  11,4  16,8   19:16   5,0   23:44   6,9   0,0   0,0  10,1  41,8   04:39   WNW
26  12,2  19,9   15:10   5,1   00:00   6,2   0,1   0,3   6,3  29,5   08:21   SSW
27   6,5   9,5   00:00   4,7   08:17  11,9   0,0   9,0   8,6  29,5   03:48    NE
28   8,2  17,2   19:23   3,3   23:58  10,2   0,0   0,3   5,4  28,1   13:12   NNW
29   8,1  16,3   19:02   2,6   02:07  10,2   0,0   0,0   6,0  30,6   11:17   SSW
30   8,6  14,1   15:43   2,0   04:20   9,7   0,0   0,0   8,7  43,9   11:09     W
----------------------------------------------------------------------------------
     6,4  25,0    18    -7,3     9   359,0   1,7  22,2   8,5  67,3    23       W

Max >=  20,0:  1
Max <=   0,0:  0
Min <=   0,0: 12
Min <= -10,0:  0
Max Rain: 9,0 on day 27
Days of Rain: 12 (>= 0,2 mm)  3 (>= 2,0 mm)  0 (>= 20,0 mm)
Heat Base: 18,3  Cool Base: 18,3  Method: Integration