Raporty klimatyczne NOAA

Wybierz Rok lub Miesiąc raportu
V/Λ2018 > Jan Feb Mar Apr May Jun Jul Aug Sep Oct Nov Dec
V/Λ2017 > Jan Feb Mar Apr May Jun Jul Aug Sep Oct Nov Dec
V/Λ2016 > Jan Feb Mar Apr May Jun Jul Aug Sep Oct Nov Dec
V/Λ2015 > Jan Feb Mar Apr May Jun Jul Aug Sep Oct Nov Dec
V/Λ2014 > Jan Feb Mar Apr May Jun Jul Aug Sep Oct Nov Dec
V/Λ2013 > Jan Feb Mar Apr May Jun Jul Aug Sep Oct Nov Dec
V/Λ2012 > Jan Feb Mar Apr May Jun Jul Aug Sep Oct Nov Dec

Report for 2013 Feb
                   Monthly Climatological Summary for lut 2013

Name: NIESIOŁOWICE-na Kaszubach   City: NIESIOŁOWICE    State: Pomorskie (PL)
Elevation: 186 m  Lat: N 54° 12' 24"   Lon: E 017° 51' 01"

                  Temperature (°C), Rain (mm), Wind Speed (km/h)

                                      Heat  Cool        Avg
    Mean                              Deg   Deg         Wind                 Dom
Day Temp  High   Time   Low    Time   Days  Days  Rain  Speed High   Time    Dir
----------------------------------------------------------------------------------
 1   2,2   3,6   14:29   1,3   00:00  16,2   0,0   1,2   7,7  29,5   00:55     W
 2   1,3   2,1   13:17  -0,2   23:51  17,1   0,0   3,6   5,0  27,0   18:20   NNE
 3  -0,9   0,2   11:36  -1,9   05:36  19,2   0,0   0,3   3,5  30,6   20:06   WSW
 4   0,7   2,6   20:10  -1,2   00:00  17,6   0,0   9,9  12,2  57,6   22:14    SW
 5   1,8   3,7   14:18   0,5   23:14  16,5   0,0   8,7  12,9  51,5   00:07    SW
 6  -0,1   0,9   13:26  -1,2   17:33  18,5   0,0   0,0  11,3  40,3   01:49   SSW
 7   0,4   3,6   14:30  -1,3   06:54  18,0   0,0   0,9   3,1  18,4   02:48   SSW
 8  -0,4   0,7   11:45  -1,7   23:58  18,9   0,0   0,3   6,1  20,9   11:32     W
 9  -1,1   2,7   13:16  -3,4   22:51  20,0   0,0   0,0   3,1  15,8   08:46    SW
10  -3,0   0,6   11:49  -5,1   06:24  21,4   0,0   0,0   1,2  14,8   12:10   WNW
11  -2,0   1,0   12:39  -4,2   00:00  20,6   0,0   0,0   7,6  31,7   11:16   ESE
12  -1,5   1,8   12:27  -4,2   20:15  19,8   0,0   0,6   3,7  14,8   11:24   ESE
13  -1,2   0,9   12:01  -2,8   00:00  19,6   0,0   0,0   4,5  20,9   01:09   ESE
14   0,2   2,8   13:16  -1,4   04:32  18,3   0,0   0,3   2,8  18,4   17:37    SE
15   0,9   3,0   12:11   0,0   22:58  17,4   0,0   0,6   6,6  24,5   11:35    SE
16  -0,4   1,9   11:49  -2,0   23:51  18,7   0,0   0,0   4,8  14,8   18:12     E
17  -2,9  -1,3   13:31  -3,9   20:07  21,8   0,0   0,0   4,1  15,8   10:39    SE
18  -1,4   0,5   13:09  -3,8   00:00  20,1   0,0   0,0   8,9  31,7   13:55   WSW
19  -0,4   1,1   15:07  -2,1   22:15  18,7   0,0   0,3  13,3  46,4   18:17   NNE
20  -2,6   0,8   08:24  -4,3   23:41  21,0   0,0   1,2  14,8  39,2   13:46    NE
21  -4,1  -2,6   12:07  -4,6   04:51  22,4   0,0   0,0  11,0  34,2   02:26   ENE
22  -4,5  -0,4   14:19  -8,4   06:08  22,9   0,0   0,0   8,6  31,7   20:12     E
23  -2,0   0,0   23:05  -4,8   00:00  20,3   0,0   0,0  13,0  42,8   06:18     E
24   0,8   2,6   11:14  -0,2   06:53  17,6   0,0   1,2  12,4  35,6   09:41   ESE
25   1,0   2,7   10:18   0,2   06:45  17,4   0,0   0,0   9,1  29,5   08:44   ESE
26   1,1   2,4   11:22   0,5   02:42  17,1   0,0   0,0   5,4  18,4   15:23   ENE
27   1,9   5,2   13:14  -0,7   23:53  16,4   0,0   0,0   4,9  19,4   21:30   WNW
28   1,0   5,1   14:19  -1,5   06:23  17,6   0,0   0,3  12,6  46,4   19:23   WNW
----------------------------------------------------------------------------------
    -0,5   5,2    27    -8,4    22   531,1   0,0  29,4   7,6  57,6     4      SE

Max >=  20,0:  0
Max <=   0,0:  4
Min <=   0,0: 24
Min <= -10,0:  0
Max Rain: 9,9 on day 4
Days of Rain: 14 (>= 0,2 mm)  3 (>= 2,0 mm)  0 (>= 20,0 mm)
Heat Base: 18,3  Cool Base: 18,3  Method: Integration