Raporty klimatyczne NOAA

Wybierz Rok lub Miesiąc raportu
V/Λ2018 > Jan Feb Mar Apr May Jun Jul Aug Sep Oct Nov Dec V/Λ2017 > Jan Feb Mar Apr May Jun Jul Aug Sep Oct Nov Dec V/Λ2016 > Jan Feb Mar Apr May Jun Jul Aug Sep Oct Nov Dec V/Λ2015 > Jan Feb Mar Apr May Jun Jul Aug Sep Oct Nov Dec V/Λ2014 > Jan Feb Mar Apr May Jun Jul Aug Sep Oct Nov Dec V/Λ2013 > Jan Feb Mar Apr May Jun Jul Aug Sep Oct Nov Dec V/Λ2012 > Jan Feb Mar Apr May Jun Jul Aug Sep Oct Nov Dec

Report for 2012 Dec
                   Monthly Climatological Summary for gru 2012

Name: NIESIOŁOWICE-na Kaszubach   City: NIESIOŁOWICE    State: Pomorskie (PL)
Elevation: 186 m  Lat: N 54° 12' 24"   Lon: E 017° 51' 01"

                  Temperature (°C), Rain (mm), Wind Speed (km/h)

                                      Heat  Cool        Avg
    Mean                              Deg   Deg         Wind                 Dom
Day Temp  High   Time   Low    Time   Days  Days  Rain  Speed High   Time    Dir
----------------------------------------------------------------------------------
 1   0,1   1,1   12:36  -0,7   14:56  18,2   0,0   0,0   4,2  23,4   12:26    SW
 2  -0,1   1,8   13:06  -3,1   23:56  18,4   0,0   0,0   4,3  20,9   06:06     S
 3  -1,9   0,4   12:46  -3,3   00:16  20,2   0,0   0,0   4,5  20,9   22:47   WSW
 4  -1,2   1,3   23:37  -3,2   03:57  19,5   0,0   1,2   9,4  31,7   09:27     S
 5  -0,2   1,3   01:37  -3,3   23:47  18,5   0,0   0,6   8,8  34,2   19:27   WSW
 6  -5,9  -3,3   00:07  -9,5   07:57  24,2   0,0   0,0   3,0  17,3   03:17   SSW
 7  -6,3  -3,0   13:07  -9,4   07:57  25,0   0,0   0,0   1,2   8,6   09:57    SW
 8  -5,7  -4,2   13:56  -8,0   08:57  24,2   0,0   0,0   3,5  13,3   12:36    SW
 9  -5,9  -3,3   12:47  -8,9   02:47  24,4   0,0   0,0   6,5  35,6   22:26   SSE
10  -5,6  -4,2   11:56  -7,7   00:06  23,9   0,0   0,0   7,6  28,1   01:06    SE
11  -4,0  -2,1   11:36  -5,5   19:46  22,5   0,0   0,0   1,8  11,2   16:36    SW
12  -2,6  -1,1   02:07  -4,8   22:16  21,3   0,0   0,0   6,3  19,4   03:37     W
13  -6,1  -3,8   11:45 -11,3   19:47  24,5   0,0   0,0   4,1  17,3   11:25     W
14  -8,1  -5,8   23:37 -11,2   05:16  26,6   0,0   0,0   8,2  28,1   21:17    SE
15  -1,9   0,4   19:46  -6,0   00:07  20,4   0,0   0,0  11,1  31,7   07:47   SSE
16   0,8   2,3   12:27   0,3   19:57  17,6   0,0   2,1   1,8  12,2   00:37   SSE
17   0,6   1,2   11:37  -0,4   22:47  17,9   0,0   3,9   4,1  15,8   06:47    SE
18  -1,2  -0,2   11:57  -2,1   22:57  19,5   0,0   0,0   0,0   0,0   00:07     E
19  -1,4  -0,4   13:57  -2,2   00:37  19,8   0,0   0,0   0,0   0,0   00:07     E
20  -1,3  -0,1   11:58  -4,0   23:58  19,7   0,0   0,0   0,0   0,0   00:07     E
21  -7,4  -4,0   00:08 -12,7   23:58  25,9   0,0   0,0   0,0   0,0   00:08     E
22 -12,8  -9,6   13:48 -15,1   08:28  31,2   0,0   0,0   0,0   0,0   00:08     E
23 -11,1  -7,2   23:58 -14,1   01:49  29,7   0,0   0,0   0,0   0,0   00:08     E
24   0,1   3,8   14:48  -7,2   00:08  18,3   0,0   2,7   6,4  33,1   12:48    SW
25   4,7   7,1   14:38   2,7   01:28  13,7   0,0   2,4  11,1  33,1   03:18    SW
26   4,3   6,0   12:28   2,4   23:08  14,1   0,0   1,8  11,3  37,8   14:58    SW
27   3,6   5,4   13:39   1,5   23:49  14,6   0,0  18,3  15,0  49,0   18:59    SW
28  -0,8   1,5   00:09  -4,8   23:29  19,6   0,0   0,0  11,9  36,7   12:20   WNW
29  -0,6   2,0   19:28  -4,7   00:09  18,8   0,0   0,0   7,5  29,5   12:29     S
30   1,6   3,4   15:28   0,0   06:28  16,8   0,0   0,9   9,4  25,6   20:59   SSW
31   4,0   5,5   13:29   1,9   00:49  14,6   0,0   5,4  14,9  37,8   13:39    SW
----------------------------------------------------------------------------------
    -2,3   7,1    25   -15,1    22   643,6   0,0  39,3   5,7  49,0    27     SSW

Max >=  20,0:  0
Max <=   0,0: 15
Min <=   0,0: 26
Min <= -10,0:  5
Max Rain: 18,3 on day 27
Days of Rain: 10 (>= 0,2 mm)  6 (>= 2,0 mm)  0 (>= 20,0 mm)
Heat Base: 18,3  Cool Base: 18,3  Method: Integration